hen 7256445 is divided by 12?
9
What is the remainder when 51483 is divided by 890?
753
Calculate the remainder when 5224 is divided by 3672.
1552
Calculate the remainder when 82311958 is divided by 1313.
1301
Calculate the remainder when 21866989 is divided by 6909.
4
Calculate the remainder when 256715 is divided by 14261.
17
Calculate the remainder when 2033703 is divided by 417.
411
Calculate the remainder when 380831 is divided by 123.
23
Calculate the remainder when 1018385 is divided by 3013.
3004
Calculate the remainder when 16694270 is divided by 34.
32
What is the remainder when 203955249 is divided by 139?
132
Calculate the remainder when 42042 is divided by 3049.
2405
What is the remainder when 13984 is divided by 5462?
3060
What is the remainder when 20499583 is divided by 17?
14
What is the remainder when 15700110 is divided by 394?
392
What is the remainder when 102658697 is divided by 16?
9
Calculate the remainder when 464758092 is divided by 61.
7
Calculate the remainder when 1690082 is divided by 241439.
9
Calculate the remainder when 8473677 is divided by 38870.
17
What is the remainder when 5790092 is divided by 216?
212
Calculate the remainder when 595591 is divided by 1794.
1777
What is the remainder when 132310 is divided by 956?
382
What is the remainder when 4600739 is divided by 4600737?
2
What is the remainder when 10358461 is divided by 88?
69
What is the remainder when 15789619 is divided by 717709?
21
What is the remainder when 677536197 is divided by 200?
197
Calculate the remainder when 3942242 is divided by 328516.
50
What is the remainder when 131382 is divided by 6903?
225
Calculate the remainder when 661153268 is divided by 156.
152
What is the remainder when 601523 is divided by 12?
11
Calculate the remainder when 210638 is divided by 14565.
6728
What is the remainder when 15458080 is divided by 3864505?
60
Calculate the remainder when 31249371 is divided by 1996.
1991
What is the remainder when 15491212 is divided by 5662?
5642
Calculate the remainder when 355813 is divided by 1163.
1098
What is the remainder when 18985448 is divided by 6328444?
116
Calculate the remainder when 2834087775 is divided by 52.
51
What is the remainder when 5097761 is divided by 1699249?
14
Calculate the remainder when 634480 is divided by 2040.
40
Calculate the remainder when 1332771 is divided by 102503.
232
What is the remainder when 491443 is divided by 45?
43
Calculate the remainder when 22759 is divided by 3789.
25
Calculate the remainder when 831488 is divided by 276982.
542
What is the remainder when 4082216 is divided by 69190?
6
What is the remainder when 65097 is divided by 9273?
186
What is the remainder when 105196709 is divided by 269?
224
What is the remainder when 5765204 is divided by 65510?
324
What is the remainder when 736344 is divided by 122586?
828
What is the remainder when 91623082 is divided by 15?
7
Calculate the remainder when 6639474 is divided by 562.
6
Calculate the remainder when 613561 is divided by 1417.
0
What is the remainder when 22345862 is divided by 7448618?
8
What is the remainder when 2668244 is divided by 849?
686
What is the remainder when 11382 is divided by 7253?
4129
What is the remainder when 41077 is divided by 9498?
3085
Calculate the remainder when 39492639 is divided by 5641804.
11
Calculate the remainder when 634035 is divided by 3154.
81
Calculate the remainder when 15363110 is divided by 4.
2
Calculate the remainder when 8755 is divided by 478.
151
Calculate the remainder when 3564269 is divided by 847.
93
Calculate the remainder when 57674747 is divided by 12.
11
What is the remainder when 4985651 is divided by 27?
20
Calculate the remainder when 961094 is divided by 8.
6
What is the remainder when 30461 is divided by 14694?
1073
What is the remainder when 446757 is divided by 17?
14
What is the remainder when 1793048 is divided by 462?
26
What is the remainder when 91018 is divided by 1266?
1132
What is the remainder when 105681273 is divided by 30?
3
What is the remainder when 262002 is divided by 261856?
146
What is the remainder when 35805261 is divided by 55?
41
Calculate the remainder when 1993105 is divided by 124554.
241
Calculate the remainder when 115821 is divided by 417.
312
Calculate the remainder when 721296 is divided by 90.
36
Calculate the remainder when 1477813 is divided by 986.
785
Calculate the remainder when 73463 is divided by 9182.
7
Calculate the remainder when 2817162 is divided by 131.
7
What is the remainder when 51263932 is divided by 48?
28
What is the remainder when 178273 is divided by 358?
347
Calculate the remainder when 421146 is divided by 30072.
138
What is the remainder when 3881806 is divided by 958?
948
What is the remainder when 6279451 is divided by 4015?
4006
Calculate the remainder when 4033047 is divided by 179.
177
Calculate the remainder when 123445712 is divided by 37.
22
What is the remainder when 128068 is divided by 6328?
1508
Calculate the remainder when 3271302 is divided by 745.
7
Calculate the remainder when 5297618 is divided by 147156.
2
Calculate the remainder when 17565 is divided by 8004.
1557
What is the remainder when 192509 is divided by 3197?
689
Calculate the remainder when 99137616 is divided by 86.
84
Calculate the remainder when 1628252 is divided by 74003.
186
Calculate the remainder when 2161913 is divided by 270238.
9
What is the remainder when 444350 is divided by 692?
86
What is the remainder when 142002 is divided by 467?
34
Calculate the remainder when 25047 is divided by 293.
142
Calculate the remainder when 2877899 is divided by 44.
35
What is the remainder when 338828 is divided by 37620?
248
Calculate the remainder when 19505775 is divided by 29.
27
Calculate the remainder when 709826 is divided by 794.
784
What is the remainder when 59882 is divided by 19278?
2048
What is the remainder when 8503 is divided by 2516?
955
What is the remainder when 8720736 is divided by 85?
76
What is the remainder when 133400 is divided by 133108?
292
What is the remainder when 4713255 is divided by 123?
18
Calculate the remainder when 6557628 is divided by 67.
3
Calculate the remainder when 115862 is divided by 10528.
54
What is the remainder when 74422022 is divided by 18605479?
106
Calculate the remainder when 837303 is divided by 93013.
186
What is the remainder when 224754 is divided by 12479?
132
Calculate the remainder when 37238 is divided by 11975.
1313
Calculate the remainder when 198646 is divided by 2256.
118
What is the remainder when 3280279 is divided by 6?
1
Calculate the remainder when 65393536 is divided by 78598.
0
What is the remainder when 224170765 is divided by 4990?
5
What is the remainder when 650206 is divided by 54?
46
Calculate the remainder when 2889508 is divided by 577883.
93
Calculate the remainder when 270964 is divided by 247.
5
What is the remainder when 1681413 is divided by 336167?
578
What is the remainder when 9411 is divided by 1864?
91
Calculate the remainder when 70176 is divided by 6331.
535
What is the remainder when 1693741 is divided by 343?
7
What is the remainder when 5578867 is divided by 15540?
7
What is the remainder when 22592137 is divided by 1613722?
29
Calculate the remainder when 9932874 is divided by 1145.
1144
What is the remainder when 141063 is divided by 10848?
39
What is the remainder when 110083907 is divided by 190?
187
Calculate the remainder when 10774429 is divided by 31.
7
Calculate the remainder when 2480069 is divided by 3388.
53
What is the remainder when 968748 is divided by 46?
34
What is the remainder when 1099976 is divided by 274990?
16
Calculate the remainder when 22131897 is divided by 150.
147
Calculate the remainder when 172395 is divided by 2100.
195
Calculate the remainder when 145068 is divided by 3812.
212
What is the remainder when 229522616 is divided by 4908?
4904
Calculate the remainder when 63201 is divided by 31577.
47
What is the remainder when 48570 is divided by 2031?
1857
What is the remainder when 663131873 is divided by 4375?
4373
Calculate the remainder when 172274 is divided by 172181.
93
What is the remainder when 3353412 is divided by 1931?
1196
Calculate the remainder when 1512416 is divided by 2971.
177
Calc